 i be (-1 + 0)/(3/(-12)). Suppose -4*c = -3*c - 5*b - 27, b + 51 = i*c. Calculate the remainder when 21 is divided by c.
9
Let d = -1496 + 1509. Let v = 73 + -52. Calculate the remainder when (2 - (1 + -1)) + v is divided by d.
10
Suppose -5*c = 2*p - 15 - 18, 0 = 2*p - 3*c - 9. Calculate the remainder when ((-3)/(-2))/(3/48) is divided by p.
6
Suppose 460 + 692 = 4*z. Suppose -9*v = -13*v + z. What is the remainder when v is divided by 19?
15
Suppose 0*m + 5*m = 0. Suppose m*s - s = 2. Calculate the remainder when -17*(-2 + 2 + s) is divided by 18.
16
Suppose 2*b - 286 + 252 = 0. What is the remainder when 83 is divided by b?
15
Suppose 5*q - q - 128 = 0. Suppose -5*p + 13*p = q. What is the remainder when 14 is divided by p?
2
Let v be 10/(-3 + (-93)/(-33)). Let q = 0 - v. Calculate the remainder when q is divided by 19.
17
Let v(q) = q + 5. Let b be v(4). Let k = 29 + -33. What is the remainder when (-8 - k)/(-2) + b is divided by 5?
1
Let t(r) = r**3 + r**2 + r + 5. Let n be t(4). Let k = n + -64. Let f(i) = 9*i - 6. What is the remainder when f(6) is divided by k?
23
Suppose 0 = -3*x + 2*x + 42. Suppose -r + 144 = 3*h, 0 = r - 3*h + 7*h - 145. Suppose 0 = 2*a - r + 111. What is the remainder when x is divided by a?
12
Suppose -5*d - 3*d + 520 = 0. Suppose d = 2*x + 1. What is the remainder when 61 is divided by x?
29
Let l(m) be the first derivative of m**3/3 + 5*m**2/2 - 5*m - 5. Let x be l(-6). Calculate the remainder when (-1)/(x/26*-2) is divided by 7.
6
Let a(m) = -m**3 + 7*m**2 + 11*m - 5. Let d(s) = s**3 + 11*s**2 + 17*s - 1. Let c be d(-9). What is the remainder when 73 is divided by a(c)?
16
Suppose -2*j - 4*w = -3*j + 75, -3*w + 61 = j. What is the remainder when j is divided by (1 - 0)*1 + (-6 - -22)?
16
Suppose 0 = s + 10*s - 1837. What is the remainder when s is divided by 10?
7
Let h(g) = -g**2 + 32*g + 48. Suppose -4*d + 2*a + 103 = -71, 4*d = 3*a + 173. What is the remainder when d is divided by h(33)?
14
Suppose 5*x = 3*x + 4. Let w(i) = -5*i - 17. Calculate the remainder when w(-9) is divided by (-21)/(-2) - 1/x.
8
Suppose -173 = 11*c - 1009. What is the remainder when 76 is divided by c?
0
Let m = 55 - 31. Let g = m - 2. Calculate the remainder when 349/4 - (-1)/(-4) is divided by g.
21
Let w(a) be the first derivative of a**4/4 + a**2 - 3*a + 2. What is the remainder when w(2) is divided by (-80)/8*((-10)/(-4))/(-5)?
4
Let h(k) = 5*k**2 + 1. Let u(a) = -14*a**2 - 4. Let m(f) = -17*h(f) - 6*u(f). Calculate the remainder when 10 is divided by m(0).
3
Let y(l) = 4*l + 36. Calculate the remainder when 76 is divided by y(-4).
16
Suppose -3*y - 428 = -3*m - 4*y, m - 156 = -3*y. Suppose 50*p + 36 = 51*p. Calculate the remainder when m is divided by p.
33
Calculate the remainder when 51 is divided by (-28)/(-21)*(-108)/(-8).
15
Suppose -3121*z = -3116*z - 190. Calculate the remainder when z is divided by 22.
16
Let v be ((-3)/9)/((-5)/165). Let d be -10 + v + (0 - -1). Suppose -112 = -3*p + d*g, -5*p - 5*g + 154 - 9 = 0. What is the remainder when p is divided by 18?
16
Suppose 5*w + 10 = -35. Let a(j) = j**3 + 10*j**2 + 4*j - 5. Calculate the remainder when 117 is divided by a(w).
37
Suppose -3*v + 122 = 41. Let u = 29 - v. Suppose -4*g - 4*q = -104, -5*g = -q + u*q - 110. What is the remainder when 40 is divided by g?
19
Let w be -4 + 2 + 2*-3. Let m = w - -110. Calculate the remainder when m is divided by ((-78)/9)/((-2)/6).
24
Let c be (-4 - -4) + 4/2. Let v = 35 + c. Let z(l) = 3*l - 56. What is the remainder when v is divided by z(22)?
7
Let s(l) = 3*l**2 - 3*l - 6. Let u(c) = 2*c - 23. Let n be u(10). What is the remainder when 119 is divided by s(n)?
29
Calculate the remainder when (0 - -3) + (2 - -180) is divided by 31.
30
Let k(o) = -o**3 + 7*o**2 - 13*o + 30. Let l(r) = r**3 - 7*r**2 + 14*r - 31. Let u(i) = 5*k(i) + 4*l(i). Calculate the remainder when 23 is divided by u(6).
7
Let c = -12 + 17. Let n(q) = 2*q**2 - 5*q - 4. Let j be n(c). Let l = -2 + j. Calculate the remainder when 54 is divided by l.
16
Suppose -3*x + 197 = l, 14*l - 5*x - 619 = 11*l. Calculate the remainder when l is divided by 16.
11
Let d(b) = 2*b**2 + 3*b - 1. Suppose 24*q - 278 - 946 = 0. What is the remainder when q is divided by d(3)?
25
Let j = 412 - 220. What is the remainder when j is divided by 31?
6
Let h = 4 - 1. Suppose -o = -c + 140, 398 = 2*c - h*o + 116. Suppose -g + 32 = -q + 1, 4*g + 3*q = c. Calculate the remainder when g is divided by 9.
6
Let d = -18 + 16. Calculate the remainder when ((-3)/d)/(3/274) is divided by 35.
32
What is the remainder when 1/(-2) + 172/16*6 is divided by 9?
1
Let x(h) = 61*h**2 + 13*h + 12. Calculate the remainder when 139 is divided by x(-1).
19
Let b = 1635 - 798. What is the remainder when b is divided by 15?
12
Suppose -5*u = -r - 4 + 8, -4 = -r - 5*u. What is the remainder when 15 is divided by r?
3
Suppose 53*o - 37*o = 368. What is the remainder when 664 is divided by o?
20
Let t(s) = -s**2 + s. Let n be t(3). Suppose -67 = -5*o + 8. Calculate the remainder when 2/n*(-648)/8 is divided by o.
12
Let u(w) = w**2 + 3*w + 4. Suppose -f = -6*f - l + 10, -5*l + 6 = 3*f. Suppose -23 + f = 3*o. Calculate the remainder when u(o) is divided by 11.
10
Let s(o) = -9*o**2 - 53*o + 5. Let p be s(-6). Let m(z) = 2*z - 1. Let n be m(-1). What is the remainder when 0 - (n - p)*27 is divided by 14?
12
Let g(d) = -d**3 + 2*d**2 + d + 94. What is the remainder when g(0) is divided by 24?
22
What is the remainder when 24 is divided by 3 + 2 + (-3 - -9)?
2
Let t(r) = r**2 + 20*r + 39. Let g be t(-21). Suppose -60 - g = -6*u. What is the remainder when u is divided by 11?
9
Let m(q) be the third derivative of -q**5/60 - 5*q**4/24 + 4*q**3/3 - 8*q**2. What is the remainder when 45 is divided by m(-5)?
5
Suppose -2*g + 53 - 15 = 4*u, 2*u + 2*g = 22. Suppose y = 10 + 11. What is the remainder when y is divided by u?
5
What is the remainder when 87 is divided by 19/4*(-144)/(-36)?
11
Suppose -301 = 2*f - 5*w, -3*w + w + 6 = 0. Let x = f + 148. What is the remainder when 5 is divided by x?
0
Let b(s) = s + 2. Let k be (0 - -3)*2/3. Let n = 1 + k. Calculate the remainder when 17 is divided by b(n).
2
What is the remainder when 278 is divided by 1/(1 - (360/(-93))/(-4))?
30
Suppose -5*j = 4*d - 9*j - 172, -3*d + 5*j = -123. What is the remainder when 54 is divided by d?
8
Let o = 200 + 105. What is the remainder when o is divided by 28?
25
Suppose -4*b = b + 75. Suppose -2*z = 2*f - 20, 5*z + 2*f = 2*z + 32. What is the remainder when (-113)/(-5) - 6/b is divided by z?
11
Let z be 0 - 3*16/(-12). Suppose -4*a = -2*i - 36, 4*i = 2*i - z. Calculate the remainder when 27 is divided by a.
3
Suppose 0 = 5*s - x - 245, 4*s + 65 = 5*s + 3*x. What is the remainder when s is divided by 18?
14
Suppose 4*a = 3*z + 32, -2*a + 15 = 3*z - 1. Calculate the remainder when a is divided by (1 + -2 + 3)*(3 + 1).
0
Let a = -12 - -8. Suppose 2*o = 3*v - 88, -5*v + 147 = o - 4*o. Calculate the remainder when v is divided by (-50)/a + 9/(-6).
8
Let l = -1 - -9. Suppose -5*k = 4*a - 398, 5*k - l*a - 384 = -5*a. Suppose 5*c + b - 190 = -57, 5*c = 5*b + 145. Calculate the remainder when k is divided by c.
24
Let i(y) = y**3 - 10*y**2 - y + 16. Let s = -32 - -42. Let p(m) = m + 2. Calculate the remainder when i(s) is divided by p(0).
0
Let q = 149 + -61. Calculate the remainder when q is divided by 18.
16
Suppose -30 = -v + 4*d, -3*v + 66 - 3 = -3*d. Calculate the remainder when v is divided by ((-7)/(105/(-12)))/(4/(4 - -16)).
2
Suppose -4*j + 25 = j - 2*i, -2*j + 5*i - 11 = 0. Calculate the remainder when 88 is divided by j.
4
Suppose -8*c - f = -4*c - 19, 0 = -2*c + 4*f + 32. Let z(k) = -k**2 + 15*k - 8. Calculate the remainder when z(12) is divided by c.
4
Suppose 0 = 6*u - 11*u + 15. Suppose 5*h - 29 = -u*d + 4, h = -3. Calculate the remainder when 43 - (-1 - (2 + -1)) is divided by d.
13
Let w = 7 - 7. Suppose w = -u - 9 + 14. Suppose -48 = -t - u*t. What is the remainder when t is divided by 5?
3
Suppose 6*g = -7 - 29. Let o = 39 + g. Calculate the remainder when 96 is divided by o.
30
Let d(k) = 2*k**2 - 42*k - 84. What is the remainder when 239 is divided by d(23)?
7
Let l = 48 + 28. Suppose -5*s + w + 18 + l = 0, s - 3*w = 16. What is 